/3*v**3 - 7/24*v**4 + 0*v - 2*v**2 + 0. Let n(h) = 11*i(h) + 6*w(h). Give n(-3).
-1
Let s(f) = -f**3 - 5 - 2*f**2 + 12*f + 0 + 1 - 9*f. What is s(-3)?
-4
Let s(b) = b**2. Let j(k) = k**3 - 7*k**2 - 5*k + 4. Let m(z) = j(z) + 5*s(z). Suppose a - 43 = -40. Determine m(a).
-2
Let m(n) = n**2 - 5*n + 6. Let a be m(4). Let i(q) = 2*q**2 + 5*q - 4. Let p(h) = -h**2 - 4*h + 3. Let x(v) = a*i(v) + 3*p(v). Calculate x(3).
4
Let z = 9 + -7. Let f(t) = 29*t**z - 18*t**2 - t - 10*t**2. Give f(2).
2
Let l(o) be the third derivative of -o**4/24 + 5*o**3/3 + 41*o**2. Give l(5).
5
Let o = -1 + 4. Let f(k) = -k**3 - 9*k**2 - 6*k - 4. Let d(b) = b**3 + 8*b**2 + 5*b + 3. Let i(m) = o*f(m) + 4*d(m). Give i(-4).
8
Let a(o) = o**2 + 4*o + 3. Let v(c) = -11*c + 7*c**2 - c**3 + 15 - 4*c + 4*c**2 + 4*c. Let j be v(10). Suppose -6*h = -h + 3*i - 5, -30 = j*h - 4*i. Give a(h).
-1
Let d(q) = q + 15. Let c(k) = -3. Let j(m) = 11*c(m) + 2*d(m). Give j(-5).
-13
Let w(b) = -2*b**3 + b**2 + 2*b + 1. Let r = -16 - -18. What is w(r)?
-7
Suppose 5*x - 130 = -0*x. Suppose -2*v = v - 5*i + 1, -x = 2*v + 3*i. Let r = -11 - v. Let y(s) = 2*s + 4. Determine y(r).
-4
Let v(y) = -3*y - 1. Let m be -2*10/8*-2. Suppose 0 = -4*a + f - 17, m*a + 20 = -2*f + 3*f. Determine v(a).
8
Suppose 2*m - 5 = 5. Let y(o) = -o**2 + 4*o - 3. Give y(m).
-8
Let n(q) = -q**2 + 3*q - 4. Let w be n(-3). Let d = -23 - w. Let o(y) = 16*y**3 + y**2 + y. What is o(d)?
-16
Let j(t) = t - 4. Suppose 16 = -m + 4*o, 2*m - 4 = 3*m - o. Suppose m = 5*q - q. Suppose 4*y = -q*y. Calculate j(y).
-4
Let m(s) = -s**2 - s - 6. Suppose -3*f - f + 4*z = -28, -4*z - 4 = 0. Suppose f*p - 2*p = 0. Calculate m(p).
-6
Let n(x) = -x**3 + 6*x**2 - 7. Let r be (-9)/((-4)/(32/12)). Give n(r).
-7
Let r(x) = 0 + 5*x + 2 + 1. Determine r(-2).
-7
Let h(m) = -25*m + 2 + 41*m - 21*m. Determine h(-2).
12
Let v(f) be the third derivative of f**6/120 + f**5/15 + f**4/6 + f**3/3 - 9*f**2. Give v(-2).
2
Let x(l) = -l**3 + 4*l**2 + l - 3. Let i be x(4). Let r(o) = -3*o**2 - o. Calculate r(i).
-4
Let g(p) = 3*p - 3*p - p + 4*p. Give g(-2).
-6
Let w(m) be the second derivative of -3*m + 1/6*m**3 + 0 + 0*m**2 - 1/2*m**4. What is w(-1)?
-7
Let v(b) = -10*b + 18*b + 2 - 10*b. Determine v(2).
-2
Let j(p) be the first derivative of 0*p + 1/60*p**5 + 1/6*p**3 + 1/8*p**4 + 1/2*p**2 - 2. Let n(m) be the second derivative of j(m). What is n(-4)?
5
Let b(d) be the first derivative of -d**5/60 + d**4/12 - d**3 + 3*d**2/2 - 1. Let n(v) be the second derivative of b(v). What is n(4)?
-14
Let y(z) be the third derivative of 0*z - 4*z**2 + 0 - 1/8*z**4 - 1/3*z**3. Suppose 3*f + 0*f = -i - 10, -3*f - 14 = 5*i. Determine y(f).
7
Let v(o) be the first derivative of -o**4/4 - 2*o**3/3 - o**2/2 + 10. Let z(k) = k**2 + 4*k - 7. Suppose -m - 3*m - 20 = 0. Let g be z(m). What is v(g)?
2
Let l(r) = -r - 7. Let m = 27 - 33. Give l(m).
-1
Let f be 3*-1*(-6)/18. Suppose 2*x = x + f. Let m(v) be the second derivative of 3*v**5/20 - 8*v. What is m(x)?
3
Let w(v) = v**2 - 3*v. Let f = 26 - 22. Determine w(f).
4
Let n(k) be the third derivative of k**4/24 - k**3/3 - 2*k**2. Give n(3).
1
Suppose -3*r = v + 5 - 1, 16 = 3*v - 5*r. Suppose 0 = 3*o - v*c - 2*c + 2, 0 = 4*o - 4*c. Let g(d) = -d + 5*d**o + 7*d**3 + 4*d**3 - 5*d**2. Determine g(1).
10
Let a(p) = -13*p**3 + 21*p**2 - 12*p - 3. Let i(v) = 7*v**3 - 11*v**2 + 6*v + 2. Let u(h) = 6*a(h) + 11*i(h). Calculate u(4).
-4
Let a be (-2)/7 - (276/21)/(-4). Let u(r) = r**3 - 3*r - 4. Determine u(a).
14
Let k(m) = -m**2 - 37 + 67 - 6*m - 35. Suppose 2*z - 3*x + 0*x = -7, 22 = -5*z + 3*x. Give k(z).
0
Let w(s) be the second derivative of 5*s**3/6 + s**2 + 4*s. Calculate w(2).
12
Suppose 3*m = -3*i + 7*i + 1, 3*m + 31 = -4*i. Let f(x) be the first derivative of x**2/2 + 4*x + 2. Give f(m).
-1
Let v(n) be the first derivative of -n**5/60 + 2*n**3/3 + 3*n**2/2 - 2. Let u(z) be the second derivative of v(z). Suppose 0 = 6*h + 10 + 8. What is u(h)?
-5
Let s(j) = -j**3 + j**2 - j. Let g(n) = n**3 - 1. Let a(p) = 6*g(p) + 5*s(p). Give a(-6).
-12
Let c(b) be the second derivative of b**5/20 - b**4/3 - 3*b**2/2 - 7*b. What is c(3)?
-12
Suppose -2*r + 14 = -2*x, x + 0*x - 5 = -3*r. Suppose 6 - 3 = r*m. Let p(i) = i + 2 - 7*i**3 + i**2 + 0*i**3 - m + i. Determine p(-1).
7
Let j(i) = i**2 + 5*i - 4. Let p be j(0). Let s(d) = -d**3 - 2*d**2 + 6*d + 5. Give s(p).
13
Let r be 2/(-9) - (-232)/72. Suppose -q = -5*d - 3 - 16, r*d = 2*q - 10. Let w(f) = 0*f**3 - 3*f - f**3 + 2*f. Determine w(q).
2
Let i(q) = 73*q - 40*q - 35*q. Calculate i(-3).
6
Suppose 14 - 4 = 2*r. Let t(k) be the third derivative of k**7/5040 + k**6/240 + k**5/30 + 5*k**2. Let o(n) be the third derivative of t(n). Calculate o(r).
8
Let a(y) = y**3 - 11*y**2 + 11*y - 11. Let o be a(10). Let t be (-2)/(o/2*1). Let c(d) = 4*d - 3*d + t - 3 - 2*d. Calculate c(-2).
3
Let j(c) be the first derivative of -c + 0*c**2 + c**2 + 1 + c**2 - 5*c. What is j(4)?
10
Let g(m) = -m - 6. Let s(p) = 2*p - 1. Let l be s(-2). Let y be (1/3)/((-16)/96). Let i(a) = 3*a + 13. Let c(k) = l*g(k) + y*i(k). Determine c(5).
-1
Let b(q) be the second derivative of -q**3/3 + 6*q. Calculate b(-1).
2
Let d(t) = t**3 + t - 6. Let x = -45 + 45. Give d(x).
-6
Suppose -3*k = 4*j + 5, 2*j = 2*k + k - 7. Let w(p) be the second derivative of p**3/6 - p. Give w(j).
-2
Let l(y) = 10*y - 1. Let p be l(1). Let x(k) = -3*k - 9 + p + 6*k. What is x(1)?
3
Let j be 6/(-5)*(-5 + 0). Let q(f) = -f**3 + 7*f**2 - 6*f + 4. Let w be q(j). Suppose -2*z = 3 + 3, 0 = 4*g - w*z - 12. Let u(d) = -d**2 + 7. Give u(g).
7
Let x(w) = -w**2 - 5*w + 6. Let s = -19 - -14. Calculate x(s).
6
Let x(h) = 2*h - 3. Suppose n + s = -9, 18 = -2*n + 18*s - 13*s. Give x(n).
-21
Let q(v) = 2*v - v + 5 + 0*v. Calculate q(-4).
1
Let a(j) be the second derivative of j + 0 + 1/12*j**4 - j**2 - 5/6*j**3. Give a(4).
-6
Let d(g) be the second derivative of -g**5/20 - g**4/2 - 5*g**3/6 - 5*g**2/2 + 6*g. What is d(-5)?
-5
Let y(j) = -j**3 + 3*j**2 + 6*j - 4. Let r be y(4). Suppose 15 = 3*z + 2*u, -4*z = u - 3*u - 6. Let l(a) = 3*a**2 + a - a**z + 6*a - 6 + 0*a**3. Give l(r).
6
Let l = 138 - 141. Let q(o) = -o**3 - 3*o**2 + 3*o + 1. Calculate q(l).
-8
Let y(b) = 3*b**3 + 3*b**2 - 1 - b**3 + b**3 - 2*b**3 - 3*b. Calculate y(-4).
-5
Let k(q) = -2 - q**3 + 4 + 9*q**2 - 10*q**2. Calculate k(2).
-10
Suppose -o = -4*o + 24. Let y(t) = t + 4 - 16 + o. Determine y(0).
-4
Let b(p) = p**2 + 4*p - 2. Let n be b(-4). Let c(s) = 6 - s**2 + 7 - 11 - s. Calculate c(n).
0
Let n(t) = -12*t**2 - 4*t**2 + 3 + 5*t + 17*t**2. Give n(-2).
-3
Let t(p) = 2 + 9*p + p**2 + 4 + 3*p - 6*p. Give t(-6).
6
Let o be (4 - 6)*(-2)/(-4). Let t(b) = -7*b**2 - 6*b + 3. Let w(m) = m**2 + m - 1. Let h(q) = o*t(q) - 5*w(q). Calculate h(-2).
8
Let l be 9*(-2)/(-6)*1. Suppose -l = -b - 9. Let a(f) = f**2 + 8*f + 4. Give a(b).
-8
Suppose 0 = 4*k - 5*k - 1. Let m(o) = -10*o**2 + 1. Give m(k).
-9
Let d(a) = -2*a + 1. Let r(g) = g**3 + 7*g**2 - 9*g - 2. Let z be r(-8). Determine d(z).
-11
Let p = -5 - -8. Let w(v) = 7*v + 1. Let f be (-58)/(-7) + (-4)/14. Let q(b) = -3*b. Let a(z) = f*q(z) + p*w(z). What is a(2)?
-3
Let m(a) = -2*a**2 + 3*a + 8. Let q(y) = -y**2 + 3*y - 2*y + 4 + 2*y - 2*y. Let p(x) = -3*m(x) + 5*q(x). Let s = -3 + 7. What is p(s)?
-4
Let g(q) be the second derivative of -q**5/10 - q**4/12 - q**3/6 - q**2/2 + 21*q + 1. Calculate g(-1).
1
Let w = -4 - -7. Suppose -w*d = -2*d. Let m(l) = l**2 + 8. What is m(d)?
8
Let n(a) = -3*a**3 - a**3 - 4 - 3*a + 5*a**2 + 3*a**3. Let i(p) = -p**2 + p + 4. Let u be i(-3). Let f be u/12 + 28/6. Give n(f).
0
Suppose 4*l + g - 11 = -l, -2*l + 4*g = 0. Let m be -9*1*(-1)/3. Let y = m - l. Let w(b) = -b**2 - b. Determine w(y).
-2
Suppose 0 = 5*l - 3*l - 8. Let o(d) = 3*d. Give o(l).
12
Let h(v) = -v**2 - 3*v - 3. Suppose 8*a = -1 - 15. What is h(a)?
-1
Let v(p) = 7*p - 1. Let i be v(1). Let q(z) = 1 - 3 + 3 + z - 3. What is q(i)?
4
Suppose x + 3*x - 4 = 0. Let h = x + -1. Let y(p) = -p**3 - p - 5. Determine y(h).
-5
Let w(i) be the first derivative of -i**4/24 - i**3 + i**2 - 3. Let k(u) be the second derivative of w(u). Let n(p) = p - 5. Let v be n(5). Calculate k(v).
-6
Let u(a) = a**2 - 1. Let j be (-6)/(3 + -1) - -5. Calculate u(j).
3
Let v(t) = -4*t**3 + t. L